{"id":910,"date":"2021-12-02T13:11:19","date_gmt":"2021-12-02T12:11:19","guid":{"rendered":"http:\/\/localhost\/webcreation\/?page_id=910"},"modified":"2022-01-04T14:58:08","modified_gmt":"2022-01-04T13:58:08","slug":"l2col3","status":"publish","type":"page","link":"https:\/\/www.site-internet-nyon.ch\/?page_id=910","title":{"rendered":"Medias"},"content":{"rendered":"<p><script>\njQuery('.attachment-post-thumbnail.size-post-thumbnail.wp-post-image').css('max-width','15%')\n<\/script><\/p>\n<h3>Cr\u00e9ation de sites internet &#8211; Nyon<\/h3>\n<p>Souvent une image, un logo, une vid\u00e9o ou  une animation sous forme de \u00ab\u00a0gif\u00a0\u00bb anim\u00e9 sont plus efficaces que du texte pour se diff\u00e9rencier et plus rapide pour attirer l\u2019\u0153il et convaincre une future collaboration.<\/p>\n<p><img loading=\"lazy\" decoding=\"async\" src=\"https:\/\/www.site-internet-nyon.ch\/wp-content\/uploads\/2021\/12\/apprendre-autrement_md-295x300.png\" alt=\"\" width=\"295\" height=\"300\" class=\"alignnone size-medium wp-image-2514\" srcset=\"https:\/\/www.site-internet-nyon.ch\/wp-content\/uploads\/2021\/12\/apprendre-autrement_md-295x300.png 295w, https:\/\/www.site-internet-nyon.ch\/wp-content\/uploads\/2021\/12\/apprendre-autrement_md-600x611.png 600w, https:\/\/www.site-internet-nyon.ch\/wp-content\/uploads\/2021\/12\/apprendre-autrement_md-45x45.png 45w, https:\/\/www.site-internet-nyon.ch\/wp-content\/uploads\/2021\/12\/apprendre-autrement_md.png 612w\" sizes=\"auto, (max-width: 295px) 100vw, 295px\" \/><\/p>\n<hr>\n<div class=\"call-to-action-content-wrapper clearfix\" style=\"position:relative;border:none\">\n<div class=\"overlay\" style=\" position: absolute;top: 0;left: 0;width: 100%;height: 100%;background: #0361f44d;mix-blend-mode: overlay;z-index:1;\"><\/div>\n<p><video loop=\"loop\" autoplay=\"\" playsinline=\"\" muted=\"\" preload=\"none\" src=\"https:\/\/www.site-internet-nyon.ch\/wp-content\/uploads\/2021\/12\/comp_glitch_site.mp4\" style=\"position: absolute;top: 0;left: 0;width: 100%;height: 100%;object-fit: cover;filter: invert(0);\"><\/video><\/p>\n<div class=\"call-to-action-content\" style=\"position: relative;\">\n<h3 style=\"color: #df4949;transform: rotate(-3deg);font-size:28px;text-shadow:0 4px 0 #00ecff, 0 -4px 0 #242424;\">Never Stop Exploring The World Of Graphical Power.<\/h3>\n<p style=\"color: #b3a3a3;transform: translate(10px,15px);\nfont-style: italic;\">Utilisez tout le potentiel visuel &#8230;<\/p>\n<\/div>\n<p>\n<a class=\"call-to-action-button\" style=\"position: relative;\" href=\"https:\/\/www.micheldupuis.ch\/webcreation\/\" title=\"View Spacious Pro\">www.site-internet-nyon.ch<\/a>\n<\/p>\n<\/div>\n<div class=\"clearfix\"><\/div>\n<p>&nbsp;<\/p>\n<h6>Vous avez besoin de vid\u00e9os pour promouvoir un produit?<\/h6>\n<p>Nous pouvons monter vos images avec des logiciels professionnels ou cr\u00e9er des \u00ab\u00a0trailer\u00a0\u00bb avec des logiciels comme Adobe After Effects&#8230;<\/p>\n","protected":false},"excerpt":{"rendered":"<p>Souvent une image, un logo, une vid\u00e9o ou  une animation sous forme de \u00ab\u00a0gif\u00a0\u00bb anim\u00e9 sont plus efficaces que du texte pour se diff\u00e9rencier et plus rapide pour attirer l\u2019\u0153il et convaincre une future collaboration. <\/p>\n","protected":false},"author":1,"featured_media":2493,"parent":0,"menu_order":0,"comment_status":"closed","ping_status":"closed","template":"my_page_droite_select_ext.php","meta":{"_mi_skip_tracking":false,"footnotes":""},"categories":[],"tags":[],"class_list":["post-910","page","type-page","status-publish","has-post-thumbnail","hentry"],"yoast_head":"<!-- This site is optimized with the Yoast SEO plugin v19.12 - https:\/\/yoast.com\/wordpress\/plugins\/seo\/ -->\n<title>Medias - Cr\u00e9ation de sites internet - Nyon<\/title>\n<meta name=\"robots\" content=\"index, follow, max-snippet:-1, max-image-preview:large, max-video-preview:-1\" \/>\n<link rel=\"canonical\" href=\"https:\/\/www.site-internet-nyon.ch\/?page_id=910\" \/>\n<meta property=\"og:locale\" content=\"fr_FR\" \/>\n<meta property=\"og:type\" content=\"article\" \/>\n<meta property=\"og:title\" content=\"Medias - Cr\u00e9ation de sites internet - Nyon\" \/>\n<meta property=\"og:description\" content=\"Souvent une image, un logo, une vid\u00e9o ou une animation sous forme de &quot;gif&quot; anim\u00e9 sont plus efficaces que du texte pour se diff\u00e9rencier et plus rapide pour attirer l\u2019\u0153il et convaincre une future collaboration.\" \/>\n<meta property=\"og:url\" content=\"https:\/\/www.site-internet-nyon.ch\/?page_id=910\" \/>\n<meta property=\"og:site_name\" content=\"Cr\u00e9ation de sites internet - Nyon\" \/>\n<meta property=\"article:modified_time\" content=\"2022-01-04T13:58:08+00:00\" \/>\n<meta property=\"og:image\" content=\"https:\/\/www.site-internet-nyon.ch\/wp-content\/uploads\/2021\/12\/logo_media_02.png\" \/>\n\t<meta property=\"og:image:width\" content=\"150\" \/>\n\t<meta property=\"og:image:height\" content=\"150\" \/>\n\t<meta property=\"og:image:type\" content=\"image\/png\" \/>\n<meta name=\"twitter:card\" content=\"summary_large_image\" \/>\n<script type=\"application\/ld+json\" class=\"yoast-schema-graph\">{\"@context\":\"https:\/\/schema.org\",\"@graph\":[{\"@type\":\"WebPage\",\"@id\":\"https:\/\/www.site-internet-nyon.ch\/?page_id=910\",\"url\":\"https:\/\/www.site-internet-nyon.ch\/?page_id=910\",\"name\":\"Medias - Cr\u00e9ation de sites internet - Nyon\",\"isPartOf\":{\"@id\":\"https:\/\/www.site-internet-nyon.ch\/#website\"},\"datePublished\":\"2021-12-02T12:11:19+00:00\",\"dateModified\":\"2022-01-04T13:58:08+00:00\",\"breadcrumb\":{\"@id\":\"https:\/\/www.site-internet-nyon.ch\/?page_id=910#breadcrumb\"},\"inLanguage\":\"fr-FR\",\"potentialAction\":[{\"@type\":\"ReadAction\",\"target\":[\"https:\/\/www.site-internet-nyon.ch\/?page_id=910\"]}]},{\"@type\":\"BreadcrumbList\",\"@id\":\"https:\/\/www.site-internet-nyon.ch\/?page_id=910#breadcrumb\",\"itemListElement\":[{\"@type\":\"ListItem\",\"position\":1,\"name\":\"Accueil\",\"item\":\"https:\/\/www.site-internet-nyon.ch\/\"},{\"@type\":\"ListItem\",\"position\":2,\"name\":\"Medias\"}]},{\"@type\":\"WebSite\",\"@id\":\"https:\/\/www.site-internet-nyon.ch\/#website\",\"url\":\"https:\/\/www.site-internet-nyon.ch\/\",\"name\":\"Cr\u00e9ation de sites internet - Nyon\",\"description\":\"cr\u00e9ation site internet nyon\",\"publisher\":{\"@id\":\"https:\/\/www.site-internet-nyon.ch\/#organization\"},\"potentialAction\":[{\"@type\":\"SearchAction\",\"target\":{\"@type\":\"EntryPoint\",\"urlTemplate\":\"https:\/\/www.site-internet-nyon.ch\/?s={search_term_string}\"},\"query-input\":\"required name=search_term_string\"}],\"inLanguage\":\"fr-FR\"},{\"@type\":\"Organization\",\"@id\":\"https:\/\/www.site-internet-nyon.ch\/#organization\",\"name\":\"site internet nyon\",\"url\":\"https:\/\/www.site-internet-nyon.ch\/\",\"logo\":{\"@type\":\"ImageObject\",\"inLanguage\":\"fr-FR\",\"@id\":\"https:\/\/www.site-internet-nyon.ch\/#\/schema\/logo\/image\/\",\"url\":\"https:\/\/www.site-internet-nyon.ch\/wp-content\/uploads\/2021\/12\/cropped-\u2014Pngtree\u2014gear-icon_4812867-e1638386001757-2.png\",\"contentUrl\":\"https:\/\/www.site-internet-nyon.ch\/wp-content\/uploads\/2021\/12\/cropped-\u2014Pngtree\u2014gear-icon_4812867-e1638386001757-2.png\",\"width\":512,\"height\":512,\"caption\":\"site internet nyon\"},\"image\":{\"@id\":\"https:\/\/www.site-internet-nyon.ch\/#\/schema\/logo\/image\/\"}}]}<\/script>\n<!-- \/ Yoast SEO plugin. -->","yoast_head_json":{"title":"Medias - Cr\u00e9ation de sites internet - Nyon","robots":{"index":"index","follow":"follow","max-snippet":"max-snippet:-1","max-image-preview":"max-image-preview:large","max-video-preview":"max-video-preview:-1"},"canonical":"https:\/\/www.site-internet-nyon.ch\/?page_id=910","og_locale":"fr_FR","og_type":"article","og_title":"Medias - Cr\u00e9ation de sites internet - Nyon","og_description":"Souvent une image, un logo, une vid\u00e9o ou une animation sous forme de \"gif\" anim\u00e9 sont plus efficaces que du texte pour se diff\u00e9rencier et plus rapide pour attirer l\u2019\u0153il et convaincre une future collaboration.","og_url":"https:\/\/www.site-internet-nyon.ch\/?page_id=910","og_site_name":"Cr\u00e9ation de sites internet - Nyon","article_modified_time":"2022-01-04T13:58:08+00:00","og_image":[{"width":150,"height":150,"url":"https:\/\/www.site-internet-nyon.ch\/wp-content\/uploads\/2021\/12\/logo_media_02.png","type":"image\/png"}],"twitter_card":"summary_large_image","schema":{"@context":"https:\/\/schema.org","@graph":[{"@type":"WebPage","@id":"https:\/\/www.site-internet-nyon.ch\/?page_id=910","url":"https:\/\/www.site-internet-nyon.ch\/?page_id=910","name":"Medias - Cr\u00e9ation de sites internet - Nyon","isPartOf":{"@id":"https:\/\/www.site-internet-nyon.ch\/#website"},"datePublished":"2021-12-02T12:11:19+00:00","dateModified":"2022-01-04T13:58:08+00:00","breadcrumb":{"@id":"https:\/\/www.site-internet-nyon.ch\/?page_id=910#breadcrumb"},"inLanguage":"fr-FR","potentialAction":[{"@type":"ReadAction","target":["https:\/\/www.site-internet-nyon.ch\/?page_id=910"]}]},{"@type":"BreadcrumbList","@id":"https:\/\/www.site-internet-nyon.ch\/?page_id=910#breadcrumb","itemListElement":[{"@type":"ListItem","position":1,"name":"Accueil","item":"https:\/\/www.site-internet-nyon.ch\/"},{"@type":"ListItem","position":2,"name":"Medias"}]},{"@type":"WebSite","@id":"https:\/\/www.site-internet-nyon.ch\/#website","url":"https:\/\/www.site-internet-nyon.ch\/","name":"Cr\u00e9ation de sites internet - Nyon","description":"cr\u00e9ation site internet nyon","publisher":{"@id":"https:\/\/www.site-internet-nyon.ch\/#organization"},"potentialAction":[{"@type":"SearchAction","target":{"@type":"EntryPoint","urlTemplate":"https:\/\/www.site-internet-nyon.ch\/?s={search_term_string}"},"query-input":"required name=search_term_string"}],"inLanguage":"fr-FR"},{"@type":"Organization","@id":"https:\/\/www.site-internet-nyon.ch\/#organization","name":"site internet nyon","url":"https:\/\/www.site-internet-nyon.ch\/","logo":{"@type":"ImageObject","inLanguage":"fr-FR","@id":"https:\/\/www.site-internet-nyon.ch\/#\/schema\/logo\/image\/","url":"https:\/\/www.site-internet-nyon.ch\/wp-content\/uploads\/2021\/12\/cropped-\u2014Pngtree\u2014gear-icon_4812867-e1638386001757-2.png","contentUrl":"https:\/\/www.site-internet-nyon.ch\/wp-content\/uploads\/2021\/12\/cropped-\u2014Pngtree\u2014gear-icon_4812867-e1638386001757-2.png","width":512,"height":512,"caption":"site internet nyon"},"image":{"@id":"https:\/\/www.site-internet-nyon.ch\/#\/schema\/logo\/image\/"}}]}},"_links":{"self":[{"href":"https:\/\/www.site-internet-nyon.ch\/index.php?rest_route=\/wp\/v2\/pages\/910","targetHints":{"allow":["GET"]}}],"collection":[{"href":"https:\/\/www.site-internet-nyon.ch\/index.php?rest_route=\/wp\/v2\/pages"}],"about":[{"href":"https:\/\/www.site-internet-nyon.ch\/index.php?rest_route=\/wp\/v2\/types\/page"}],"author":[{"embeddable":true,"href":"https:\/\/www.site-internet-nyon.ch\/index.php?rest_route=\/wp\/v2\/users\/1"}],"replies":[{"embeddable":true,"href":"https:\/\/www.site-internet-nyon.ch\/index.php?rest_route=%2Fwp%2Fv2%2Fcomments&post=910"}],"version-history":[{"count":62,"href":"https:\/\/www.site-internet-nyon.ch\/index.php?rest_route=\/wp\/v2\/pages\/910\/revisions"}],"predecessor-version":[{"id":2509,"href":"https:\/\/www.site-internet-nyon.ch\/index.php?rest_route=\/wp\/v2\/pages\/910\/revisions\/2509"}],"wp:featuredmedia":[{"embeddable":true,"href":"https:\/\/www.site-internet-nyon.ch\/index.php?rest_route=\/wp\/v2\/media\/2493"}],"wp:attachment":[{"href":"https:\/\/www.site-internet-nyon.ch\/index.php?rest_route=%2Fwp%2Fv2%2Fmedia&parent=910"}],"wp:term":[{"taxonomy":"category","embeddable":true,"href":"https:\/\/www.site-internet-nyon.ch\/index.php?rest_route=%2Fwp%2Fv2%2Fcategories&post=910"},{"taxonomy":"post_tag","embeddable":true,"href":"https:\/\/www.site-internet-nyon.ch\/index.php?rest_route=%2Fwp%2Fv2%2Ftags&post=910"}],"curies":[{"name":"wp","href":"https:\/\/api.w.org\/{rel}","templated":true}]}}