{"id":29,"date":"2014-03-17T20:05:04","date_gmt":"2014-03-17T20:05:04","guid":{"rendered":"http:\/\/demo.themegrill.com\/spacious\/?page_id=29"},"modified":"2021-12-26T16:01:33","modified_gmt":"2021-12-26T15:01:33","slug":"just-arrived","status":"publish","type":"page","link":"https:\/\/www.site-internet-nyon.ch\/?page_id=29","title":{"rendered":"Just Arrived"},"content":{"rendered":"<h3>Cr\u00e9ation de sites internet &#8211; Nyon<\/h3>\n<p>Faites-vous conna\u00eetre sur le web !<\/p>\n<p>Organisations, artisans, entrepreprises&#8230; Pour avoir un site qui r\u00e9pond vraiment \u00e0 vos besoins. Il est important que vous r\u00e9fl\u00e9chissiez aussi \u00e0 votre objectif principal.<br \/>\nEn tant qu&rsquo;agence professionnelle de conception et de d\u00e9veloppement de sites web, notre \u00e9quipe a la volont\u00e9 d&rsquo;utiliser sa cr\u00e9ativit\u00e9 non seulement pour fournir des sites web esth\u00e9tiquement agr\u00e9ables mais \u00e9galement pour d\u00e9velopper la solution la plus efficace pour vos objectifs commerciaux en ligne.<br \/>\nFaites-vous conna\u00eetre sur le web !<\/p>\n<figure class=\"wp-block-image size-full\" style=\"background: rgb(255, 255, 255) none repeat scroll 0% 0%;\"><img decoding=\"async\" loading=\"lazy\" style=\"width: 80%;\nheight: auto !important;\" src=\"https:\/\/www.site-internet-nyon.ch\/storage\/2021\/12\/jazz_club_03.gif\" alt=\"\" class=\"wp-image-2202\" width=\"499\" height=\"782\"><br \/>\n<\/figure>\n","protected":false},"excerpt":{"rendered":"<p>Cr\u00e9ation de sites internet &#8211; Nyon Faites-vous conna\u00eetre sur le web ! Organisations, artisans, entrepreprises&#8230; Pour avoir un site qui r\u00e9pond vraiment \u00e0 vos besoins. Il est important que vous r\u00e9fl\u00e9chissiez aussi \u00e0 votre objectif principal. En tant qu&rsquo;agence professionnelle<\/p>\n","protected":false},"author":1,"featured_media":237,"parent":0,"menu_order":0,"comment_status":"open","ping_status":"open","template":"my_page_droite_select_ext.php","meta":{"_mi_skip_tracking":false,"footnotes":""},"categories":[],"tags":[],"class_list":["post-29","page","type-page","status-publish","has-post-thumbnail","hentry"],"yoast_head":"<!-- This site is optimized with the Yoast SEO plugin v19.12 - https:\/\/yoast.com\/wordpress\/plugins\/seo\/ -->\n<title>Just Arrived - Cr\u00e9ation de sites internet - Nyon<\/title>\n<meta name=\"robots\" content=\"index, follow, max-snippet:-1, max-image-preview:large, max-video-preview:-1\" \/>\n<link rel=\"canonical\" href=\"https:\/\/www.site-internet-nyon.ch\/?page_id=29\" \/>\n<meta property=\"og:locale\" content=\"fr_FR\" \/>\n<meta property=\"og:type\" content=\"article\" \/>\n<meta property=\"og:title\" content=\"Just Arrived - Cr\u00e9ation de sites internet - Nyon\" \/>\n<meta property=\"og:description\" content=\"Cr\u00e9ation de sites internet &#8211; Nyon Faites-vous conna\u00eetre sur le web ! Organisations, artisans, entrepreprises&#8230; Pour avoir un site qui r\u00e9pond vraiment \u00e0 vos besoins. Il est important que vous r\u00e9fl\u00e9chissiez aussi \u00e0 votre objectif principal. En tant qu&rsquo;agence professionnelle\" \/>\n<meta property=\"og:url\" content=\"https:\/\/www.site-internet-nyon.ch\/?page_id=29\" \/>\n<meta property=\"og:site_name\" content=\"Cr\u00e9ation de sites internet - Nyon\" \/>\n<meta property=\"article:modified_time\" content=\"2021-12-26T15:01:33+00:00\" \/>\n<meta name=\"twitter:card\" content=\"summary_large_image\" \/>\n<script type=\"application\/ld+json\" class=\"yoast-schema-graph\">{\"@context\":\"https:\/\/schema.org\",\"@graph\":[{\"@type\":\"WebPage\",\"@id\":\"https:\/\/www.site-internet-nyon.ch\/?page_id=29\",\"url\":\"https:\/\/www.site-internet-nyon.ch\/?page_id=29\",\"name\":\"Just Arrived - Cr\u00e9ation de sites internet - Nyon\",\"isPartOf\":{\"@id\":\"https:\/\/www.site-internet-nyon.ch\/#website\"},\"datePublished\":\"2014-03-17T20:05:04+00:00\",\"dateModified\":\"2021-12-26T15:01:33+00:00\",\"breadcrumb\":{\"@id\":\"https:\/\/www.site-internet-nyon.ch\/?page_id=29#breadcrumb\"},\"inLanguage\":\"fr-FR\",\"potentialAction\":[{\"@type\":\"ReadAction\",\"target\":[\"https:\/\/www.site-internet-nyon.ch\/?page_id=29\"]}]},{\"@type\":\"BreadcrumbList\",\"@id\":\"https:\/\/www.site-internet-nyon.ch\/?page_id=29#breadcrumb\",\"itemListElement\":[{\"@type\":\"ListItem\",\"position\":1,\"name\":\"Accueil\",\"item\":\"https:\/\/www.site-internet-nyon.ch\/\"},{\"@type\":\"ListItem\",\"position\":2,\"name\":\"Just Arrived\"}]},{\"@type\":\"WebSite\",\"@id\":\"https:\/\/www.site-internet-nyon.ch\/#website\",\"url\":\"https:\/\/www.site-internet-nyon.ch\/\",\"name\":\"Cr\u00e9ation de sites internet - Nyon\",\"description\":\"cr\u00e9ation site internet nyon\",\"publisher\":{\"@id\":\"https:\/\/www.site-internet-nyon.ch\/#organization\"},\"potentialAction\":[{\"@type\":\"SearchAction\",\"target\":{\"@type\":\"EntryPoint\",\"urlTemplate\":\"https:\/\/www.site-internet-nyon.ch\/?s={search_term_string}\"},\"query-input\":\"required name=search_term_string\"}],\"inLanguage\":\"fr-FR\"},{\"@type\":\"Organization\",\"@id\":\"https:\/\/www.site-internet-nyon.ch\/#organization\",\"name\":\"site internet nyon\",\"url\":\"https:\/\/www.site-internet-nyon.ch\/\",\"logo\":{\"@type\":\"ImageObject\",\"inLanguage\":\"fr-FR\",\"@id\":\"https:\/\/www.site-internet-nyon.ch\/#\/schema\/logo\/image\/\",\"url\":\"https:\/\/www.site-internet-nyon.ch\/wp-content\/uploads\/2021\/12\/cropped-\u2014Pngtree\u2014gear-icon_4812867-e1638386001757-2.png\",\"contentUrl\":\"https:\/\/www.site-internet-nyon.ch\/wp-content\/uploads\/2021\/12\/cropped-\u2014Pngtree\u2014gear-icon_4812867-e1638386001757-2.png\",\"width\":512,\"height\":512,\"caption\":\"site internet nyon\"},\"image\":{\"@id\":\"https:\/\/www.site-internet-nyon.ch\/#\/schema\/logo\/image\/\"}}]}<\/script>\n<!-- \/ Yoast SEO plugin. -->","yoast_head_json":{"title":"Just Arrived - Cr\u00e9ation de sites internet - Nyon","robots":{"index":"index","follow":"follow","max-snippet":"max-snippet:-1","max-image-preview":"max-image-preview:large","max-video-preview":"max-video-preview:-1"},"canonical":"https:\/\/www.site-internet-nyon.ch\/?page_id=29","og_locale":"fr_FR","og_type":"article","og_title":"Just Arrived - Cr\u00e9ation de sites internet - Nyon","og_description":"Cr\u00e9ation de sites internet &#8211; Nyon Faites-vous conna\u00eetre sur le web ! Organisations, artisans, entrepreprises&#8230; Pour avoir un site qui r\u00e9pond vraiment \u00e0 vos besoins. Il est important que vous r\u00e9fl\u00e9chissiez aussi \u00e0 votre objectif principal. En tant qu&rsquo;agence professionnelle","og_url":"https:\/\/www.site-internet-nyon.ch\/?page_id=29","og_site_name":"Cr\u00e9ation de sites internet - Nyon","article_modified_time":"2021-12-26T15:01:33+00:00","twitter_card":"summary_large_image","schema":{"@context":"https:\/\/schema.org","@graph":[{"@type":"WebPage","@id":"https:\/\/www.site-internet-nyon.ch\/?page_id=29","url":"https:\/\/www.site-internet-nyon.ch\/?page_id=29","name":"Just Arrived - Cr\u00e9ation de sites internet - Nyon","isPartOf":{"@id":"https:\/\/www.site-internet-nyon.ch\/#website"},"datePublished":"2014-03-17T20:05:04+00:00","dateModified":"2021-12-26T15:01:33+00:00","breadcrumb":{"@id":"https:\/\/www.site-internet-nyon.ch\/?page_id=29#breadcrumb"},"inLanguage":"fr-FR","potentialAction":[{"@type":"ReadAction","target":["https:\/\/www.site-internet-nyon.ch\/?page_id=29"]}]},{"@type":"BreadcrumbList","@id":"https:\/\/www.site-internet-nyon.ch\/?page_id=29#breadcrumb","itemListElement":[{"@type":"ListItem","position":1,"name":"Accueil","item":"https:\/\/www.site-internet-nyon.ch\/"},{"@type":"ListItem","position":2,"name":"Just Arrived"}]},{"@type":"WebSite","@id":"https:\/\/www.site-internet-nyon.ch\/#website","url":"https:\/\/www.site-internet-nyon.ch\/","name":"Cr\u00e9ation de sites internet - Nyon","description":"cr\u00e9ation site internet nyon","publisher":{"@id":"https:\/\/www.site-internet-nyon.ch\/#organization"},"potentialAction":[{"@type":"SearchAction","target":{"@type":"EntryPoint","urlTemplate":"https:\/\/www.site-internet-nyon.ch\/?s={search_term_string}"},"query-input":"required name=search_term_string"}],"inLanguage":"fr-FR"},{"@type":"Organization","@id":"https:\/\/www.site-internet-nyon.ch\/#organization","name":"site internet nyon","url":"https:\/\/www.site-internet-nyon.ch\/","logo":{"@type":"ImageObject","inLanguage":"fr-FR","@id":"https:\/\/www.site-internet-nyon.ch\/#\/schema\/logo\/image\/","url":"https:\/\/www.site-internet-nyon.ch\/wp-content\/uploads\/2021\/12\/cropped-\u2014Pngtree\u2014gear-icon_4812867-e1638386001757-2.png","contentUrl":"https:\/\/www.site-internet-nyon.ch\/wp-content\/uploads\/2021\/12\/cropped-\u2014Pngtree\u2014gear-icon_4812867-e1638386001757-2.png","width":512,"height":512,"caption":"site internet nyon"},"image":{"@id":"https:\/\/www.site-internet-nyon.ch\/#\/schema\/logo\/image\/"}}]}},"_links":{"self":[{"href":"https:\/\/www.site-internet-nyon.ch\/index.php?rest_route=\/wp\/v2\/pages\/29","targetHints":{"allow":["GET"]}}],"collection":[{"href":"https:\/\/www.site-internet-nyon.ch\/index.php?rest_route=\/wp\/v2\/pages"}],"about":[{"href":"https:\/\/www.site-internet-nyon.ch\/index.php?rest_route=\/wp\/v2\/types\/page"}],"author":[{"embeddable":true,"href":"https:\/\/www.site-internet-nyon.ch\/index.php?rest_route=\/wp\/v2\/users\/1"}],"replies":[{"embeddable":true,"href":"https:\/\/www.site-internet-nyon.ch\/index.php?rest_route=%2Fwp%2Fv2%2Fcomments&post=29"}],"version-history":[{"count":6,"href":"https:\/\/www.site-internet-nyon.ch\/index.php?rest_route=\/wp\/v2\/pages\/29\/revisions"}],"predecessor-version":[{"id":2683,"href":"https:\/\/www.site-internet-nyon.ch\/index.php?rest_route=\/wp\/v2\/pages\/29\/revisions\/2683"}],"wp:featuredmedia":[{"embeddable":true,"href":"https:\/\/www.site-internet-nyon.ch\/index.php?rest_route=\/"}],"wp:attachment":[{"href":"https:\/\/www.site-internet-nyon.ch\/index.php?rest_route=%2Fwp%2Fv2%2Fmedia&parent=29"}],"wp:term":[{"taxonomy":"category","embeddable":true,"href":"https:\/\/www.site-internet-nyon.ch\/index.php?rest_route=%2Fwp%2Fv2%2Fcategories&post=29"},{"taxonomy":"post_tag","embeddable":true,"href":"https:\/\/www.site-internet-nyon.ch\/index.php?rest_route=%2Fwp%2Fv2%2Ftags&post=29"}],"curies":[{"name":"wp","href":"https:\/\/api.w.org\/{rel}","templated":true}]}}